 c)/(5 - 3) prime?
False
Suppose -2*n = -4*d - 44, 5*n - 2*d - 69 - 49 = 0. Is n/16*(-10)/(-1) composite?
True
Let d be 2/(-3)*(-9)/2. Is (587 - 0)*(d + -2) composite?
False
Let l(s) = 48*s - 7. Is l(11) a composite number?
False
Suppose 3*k - 3 = 2*k. Let j be k*(-3)/(-18)*6. Let g = j + 80. Is g composite?
False
Suppose g + p = 5, 0*g = 5*g + p - 9. Let l be 42/(1 + g) - 1. Is 7/(-2*(-2)/l) composite?
True
Suppose -2*x + 1791 + 427 = 0. Is x a prime number?
True
Let y(b) be the first derivative of 2*b**3 - 2*b**2 - 3. Let s be y(3). Let i = s - -81. Is i a composite number?
True
Suppose -5*a - 249 = -5*t + 56, -61 = -t + 5*a. Suppose 1596 = 5*p + t. Is p a composite number?
False
Is (-33615)/(-6) + 3*2/12 a composite number?
True
Let i be -10 + -2 + 1 - -1. Let y be 68/(-6)*15/i. Let g = 5 + y. Is g composite?
True
Is 6/((-36)/(-3561))*2 a composite number?
False
Let x = 1543 - 1024. Is x composite?
True
Let n = 13 - -19. Let k = n + -17. Suppose 110 - k = u. Is u composite?
True
Let w = 389 - 58. Is w a composite number?
False
Let r(n) = n - 5. Let v be r(5). Suppose v = c - 4*c + 177. Let f = -13 + c. Is f composite?
True
Suppose 0*s + 6 = s. Is s composite?
True
Suppose 4*m + 0*m = 716. Is m a prime number?
True
Suppose -5*p = 5*k - 2442 - 5118, -5*p = -5*k + 7510. Is k composite?
True
Let u(v) = 125*v + 12. Is u(7) composite?
False
Let y(d) = -d**3 + 10*d**2 - 4*d - 9. Is y(4) prime?
True
Let k be (64/40)/(4/10). Is (2/k)/(2/228) a prime number?
False
Suppose o + 0*o - 309 = 0. Is (3*1)/(3/o) a prime number?
False
Suppose 0 = 5*n - 23 - 27. Is (-6)/15 + 1774/n a composite number?
True
Suppose -f + 51 = -200. Is f a composite number?
False
Suppose -m + 3*m - 24 = 0. Suppose c = -m + 115. Is c a prime number?
True
Let a(o) = -o**2 + 3*o + 737. Is a(0) a composite number?
True
Suppose 3745 = 3*q + 2*q. Is q a composite number?
True
Let g be ((314 - -2)/(-2))/(-2). Suppose 0 = 2*c + 5 - g. Is c composite?
False
Suppose -69 = -2*o + 91. Suppose -2*h + 25 = 3*h. Suppose -i + h = 0, 5*g - 1155 + o = -4*i. Is g a prime number?
True
Let n(g) = 27*g - 5. Suppose 5*o = p + 43, -2 = -2*o - 4*p + 2. Is n(o) a composite number?
False
Let i = -95 + 279. Suppose 4*b + 60 = i. Is b prime?
True
Suppose 0 = f - 5*d - 15, 2*f + 3 = f - 4*d. Is f/(-10) - 19/(-2) a prime number?
False
Suppose 3*q + 5*g = 4*q + 12, 3*q + g = 28. Let d be 4*1/q*178. Suppose 0 = 2*j + 5*y - d - 6, 3*y = 15. Is j a composite number?
True
Suppose -2*a - 167 = -3*b, -5*b - 36 = -2*a - 317. Let i = b - 80. Let t = i - -36. Is t prime?
True
Let n(g) = -g**2 - 10*g - 2. Let r = 9 - 16. Is n(r) a composite number?
False
Let d(x) = -113*x**3 - x**2 - x - 1. Let w be d(-1). Let f = w + -59. Is f a prime number?
True
Let s(j) = 90*j. Let n be s(1). Suppose g - n = 79. Is g composite?
True
Let y(i) = i**3 - 4*i**2 + 5*i - 3. Let q be y(3). Let u be q/(-2) + (-13)/(-2). Suppose -177 = -u*g + 1108. Is g prime?
True
Suppose z - 854 = -3*h, -2548 = -3*z - 2*h + 7*h. Is z composite?
True
Is (3199/(-35))/((-1)/5) prime?
True
Let v be (-4)/(-22) - (-369)/(-33). Is (v/22)/((-1)/734) a prime number?
True
Let z(n) = 4*n - 1. Let y be z(1). Let c be 1/(y/6) + -54. Let b = c - -143. Is b a prime number?
False
Let z(h) = h + 1. Let o be z(-1). Suppose 4*a - 121 - 27 = o. Is a prime?
True
Let z = -13 - -190. Is z a composite number?
True
Let z = -17 + 22. Suppose -2*d + z*s = -211, -4*s + 158 = 3*d - 147. Is d prime?
True
Is (4 + 12758/4)*(-4)/(-6) a prime number?
True
Let r = 8 - -61. Let i = 58 + r. Is i prime?
True
Let b = -3 + 0. Let m be (1 - 0/2) + b. Is (-238)/(-3) - m/(-6) composite?
False
Suppose 0 = 2*u + 2*u. Suppose -2*b + y + u*y = -48, 6 = -3*y. Is b composite?
False
Let z be 20/(-90) - (-40)/18. Is -1 + (0 - z - -266) a composite number?
False
Suppose 4*j + 258 = 4*a + 2*j, 5*j = -5*a + 330. Is a a composite number?
True
Suppose -z + 2*z - 2*r = -4, r + 1 = 2*z. Let w be z - -93 - (2 - 2). Let l = w - 48. Is l a composite number?
False
Let q(f) be the first derivative of -13*f**2 + 4*f + 3. Let g be q(11). Let w = -163 - g. Is w composite?
True
Suppose 0 = 3*o + 3 - 12. Suppose 0 = o*k - 102 - 57. Is k a prime number?
True
Let k = -646 - -1509. Is k a composite number?
False
Suppose 0 = -5*v - 456 - 209. Let y = 167 + -247. Let r = y - v. Is r a composite number?
False
Suppose 0*d + 4*d = 0. Suppose -4 = -4*h - b, d*h = 2*h + b. Let g(k) = 29*k**2 + 3*k - 3. Is g(h) composite?
True
Let g(z) = 58*z**3 + 2*z**2 - 2*z + 1. Suppose 2*s - f - 2 = 0, 4*s - 2 = -2*f - 6. Let a be -1 - ((s - 2) + 0). Is g(a) composite?
False
Suppose 10 = -f + 2*f. Suppose -4*z - 58 = -p + z, f = -2*z. Is p a composite number?
True
Let h = -6 + 8. Suppose -3*u = h*u - 25. Suppose -2*l = u*k - 179, 3*k + 5*l = 2*l + 102. Is k composite?
False
Suppose -47 = 3*o - 284. Suppose u = 2*u - o. Is u composite?
False
Let r be (-3 + 4)*(6 + -1). Suppose r*c = 3*c + 46. Is c prime?
True
Suppose 12 = y - 3*y. Is (-4)/y - (-1407)/9 a prime number?
True
Suppose 5*v - 843 = 2*v. Suppose 0 = 5*p - 534 - v. Is p a composite number?
False
Let x = -8 - -24. Let h = x + -10. Is h a prime number?
False
Suppose -36 = -9*x + 6*x. Suppose y + x = 4*y. Suppose v - 3 = y. Is v a composite number?
False
Suppose -3*x + 2*p + 0*p = -9, 0 = -3*x + 3*p + 6. Suppose 3 = 3*v + 4*a - x, 6 = 3*a. Let f(w) = w**3 - w**2 + w + 21. Is f(v) prime?
False
Let b = 28 - -67. Suppose -l = -5*i + 810, -2*i + b + 221 = -2*l. Is i composite?
False
Suppose -4*v + 24 = 2*w, 8 - 26 = -4*w + 2*v. Suppose 0 = 4*u - w - 6. Suppose -13 - 182 = -u*a. Is a composite?
True
Let y be 1/(-1*(-3)/(-6)). Is y/(-9) + 691/9 a composite number?
True
Let b be (13 - 10)*(1 + 0). Suppose -3*c + 46 = 4*v - b*v, 5*c = 15. Is v a composite number?
False
Let z(g) be the second derivative of -g**4/12 - 3*g**3/2 - 3*g**2 - 3*g. Let w be z(-8). Suppose -64 = -4*i - 5*x, w*i - 2*x - 19 = -5. Is i composite?
False
Let a = 65 - 23. Suppose -108 = -4*j + j. Suppose -a = -2*z + j. Is z a composite number?
True
Let u(w) = -w**2 - 10*w. Let y(f) be the third derivative of f**6/20 + f**3/6 + 2*f**2. Let p be y(-1). Is u(p) prime?
False
Suppose -8 = 2*k - 6*k. Let s(z) = -3*z**3 - 6 + 21 + k*z**3. Is s(0) prime?
False
Suppose 4*h - 1330 + 494 = 0. Is h a composite number?
True
Suppose 6*h - 10*h = 0. Suppose h = 6*m - 8*m + 62. Is m composite?
False
Let o(u) = 16*u + 9. Suppose 4*a = -20, -3*g - 3 = -2*g + 2*a. Is o(g) prime?
False
Suppose 3 = 4*p - 5. Is (-1 - -6)*p - -3 composite?
False
Is 193 + -3 + 0 + 1 a composite number?
False
Is (-445)/(2 - -3)*-1 a composite number?
False
Is ((-2638)/7)/(64/(-224)) prime?
True
Let b = -1583 + 3111. Suppose -2*x = -b + 110. Is x prime?
True
Let c = 7 - 4. Is c composite?
False
Suppose -g + 3 = -0*g. Let d = 452 - 264. Suppose 3*j = g*m - 225, -4*m + d = -3*j - 108. Is m a composite number?
False
Let s(m) = m**3 - m**2 + m - 8. Let n be s(0). Let r(l) be the first derivative of l**3/3 - 4*l**2 - l + 7. Is r(n) a prime number?
True
Suppose -5*i + 4*a = -40, 5*i - 27 = 5*a + 18. Let s(l) = l**2 + 2*l - 2. Is s(i) composite?
True
Is (17 - -771) + (-3)/(-1) prime?
False
Suppose -2*w + 13 = 3*f, w = 4*f + 3*w - 16. Suppose -f*s + 267 = -0*s. Is s composite?
False
Let m = -304 - -797. Is m a prime number?
False
Let n(t) = 4*t. Let v be n(1). Suppose 4*h = -v*r + 196, h = -4*r - h + 204. Is r prime?
True
Let g be 10/65 - (-4)/(-26). Suppose h - 2*h + 37 = g. Is h a composite number?
False
Suppose 5*p = -3*c + 116, -3*p = c + 2*c - 72. Is p a composite number?
True
Let p be 1/(-4) + (-78)/(-24). Suppose 0 = m + p*x - 1, -x = -0*x + 1. Suppose -5*l + 16 = h - m, -5*h + 2*l = -181. Is h composite?
True
Suppose -5*b - 1753 = -3*x, -2*x - 2*b + 227 + 915 = 0. Suppose -2*w + 295 = -3*f, 5*w - 5*f - x = 164. Is w a composite number?
False
Suppose -2*o + 166 = -4*m, 6 = 5*m + 1. Is o composite?
True
Let s = -15 - 83. Let m = 259 + -82. Let j = s + m. Is j prime?
True
Let v be (-2)/4 + (-45)/(-10). Suppose -v*y - 18 = -7*y. Is (266/y)/(8/24) a prime number?
False
Suppose -3737 = -3*i - 4*b, b - 4*b = -6. Is i a prime number?
False
Suppose 4*k = 4 + 4. Suppose 65 = -i + k*i. Is i a prime number?
False
Suppose -a - 340 = -2*f + 4*a, a - 170 = -f. Let c be (2 + f/(-6))*